{"id":9,"date":"2025-11-21T15:48:10","date_gmt":"2025-11-21T14:48:10","guid":{"rendered":"https:\/\/tomaszsz.pl\/?page_id=9"},"modified":"2025-11-22T16:40:48","modified_gmt":"2025-11-22T15:40:48","slug":"strona-glowna","status":"publish","type":"page","link":"http:\/\/tomaszsz.pl\/","title":{"rendered":"Strona g\u0142\u00f3wna"},"content":{"rendered":"\n<div class=\"wp-block-cover alignfull\" style=\"min-height:448px;aspect-ratio:unset;\"><img decoding=\"async\" class=\"wp-block-cover__image-background\" alt=\"\" src=\"https:\/\/tomaszsz.pl\/wp-content\/themes\/neve\/assets\/img\/starter-content\/neve-hero-2.png\" style=\"object-position:50% 72%\" data-object-fit=\"cover\" data-object-position=\"50% 72%\"\/><span aria-hidden=\"true\" class=\"wp-block-cover__background has-background-dim-0 has-background-dim\"><\/span><div class=\"wp-block-cover__inner-container is-layout-flow wp-block-cover-is-layout-flow\">\n<div class=\"wp-block-columns are-vertically-aligned-center is-layout-flex wp-container-core-columns-is-layout-9d6595d7 wp-block-columns-is-layout-flex\">\n<div class=\"wp-block-column is-vertically-aligned-center is-layout-flow wp-block-column-is-layout-flow\" style=\"padding-right:var(--wp--preset--spacing--20);padding-left:var(--wp--preset--spacing--20);flex-basis:65%\">\n<div style=\"height:80px\" aria-hidden=\"true\" class=\"wp-block-spacer\"><\/div>\n\n\n\n<h1 class=\"wp-block-heading has-text-align-left has-nv-text-dark-bg-color has-text-color\">Pogotowie Komputerowe<\/h1>\n\n\n\n<p class=\"has-text-align-left has-nv-text-dark-bg-color has-text-color\" style=\"font-size:17px\"><strong>APPLE, PC, SMARTFON<\/strong> &#8211; Szybka diagnostyka \u2022 Mo\u017cliwy dojazd do klienta<\/p>\n\n\n\n<div class=\"wp-block-buttons is-horizontal is-content-justification-left is-layout-flex wp-container-core-buttons-is-layout-7e5fce0a wp-block-buttons-is-layout-flex\">\n<div class=\"wp-block-button is-style-primary\"><a class=\"wp-block-button__link has-text-color has-background has-link-color wp-element-button\" href=\"http:\/\/tomaszsz.pl\/?page_id=11\" style=\"color:#0a2279;background-color:#ffffff\">Um\u00f3w napraw\u0119<\/a><\/div>\n\n\n\n<div class=\"wp-block-button is-style-default\"><a class=\"wp-block-button__link has-nv-text-dark-bg-color has-text-color has-link-color wp-element-button\" href=\"http:\/\/tomaszsz.pl\/?page_id=11\">Zadzwo\u0144 teraz<\/a><\/div>\n<\/div>\n\n\n\n<div style=\"height:100px\" aria-hidden=\"true\" class=\"wp-block-spacer\"><\/div>\n<\/div>\n\n\n\n<div class=\"wp-block-column is-vertically-aligned-center is-layout-flow wp-block-column-is-layout-flow\">\n<figure class=\"wp-block-image size-full\"><img decoding=\"async\" src=\"https:\/\/tomaszsz.pl\/wp-content\/themes\/neve\/assets\/img\/starter-content\/person-hero-2.png\" alt=\"\"\/><\/figure>\n<\/div>\n<\/div>\n<\/div><\/div>\n\n\n\n<div style=\"height:8px\" aria-hidden=\"true\" class=\"wp-block-spacer\"><\/div>\n\n\n\n<p><\/p>\n\n\n\n<div class=\"wp-block-group\"><div class=\"wp-block-group__inner-container is-layout-constrained wp-block-group-is-layout-constrained\">\n<h2 class=\"wp-block-heading has-text-align-center has-neve-text-color-color has-text-color has-link-color has-x-large-font-size wp-elements-7ebe8cae8d574c122b87feb1995c62a4\" style=\"border-width:1px;padding-top:var(--wp--preset--spacing--40);padding-bottom:var(--wp--preset--spacing--40)\"><strong>NASZE US\u0141UGI<\/strong><\/h2>\n\n\n\n<div class=\"wp-block-group is-nowrap is-layout-flex wp-container-core-group-is-layout-ad2f72ca wp-block-group-is-layout-flex\">\n<div class=\"wp-block-group alignfull\"><div class=\"wp-block-group__inner-container is-layout-constrained wp-block-group-is-layout-constrained\">\n<div class=\"wp-block-columns alignwide are-vertically-aligned-top is-layout-flex wp-container-core-columns-is-layout-b934f1a7 wp-block-columns-is-layout-flex\" style=\"border-style:none;border-width:0px;border-radius:0px;padding-top:0;padding-right:var(--wp--preset--spacing--20);padding-bottom:0;padding-left:var(--wp--preset--spacing--20)\">\n<div class=\"wp-block-column is-vertically-aligned-top neve-duotone is-layout-flow wp-block-column-is-layout-flow\" style=\"padding-right:var(--wp--preset--spacing--30);padding-left:var(--wp--preset--spacing--30)\"><div class=\"wp-block-image icon-style is-style-default wp-duotone-unset-1\">\n<figure class=\"aligncenter size-full is-resized has-custom-border\"><img loading=\"lazy\" decoding=\"async\" width=\"400\" height=\"400\" src=\"http:\/\/tomaszsz.pl\/wp-content\/uploads\/2025\/11\/komp.png\" alt=\"Naprawa Komputer\u00f3w\" class=\"wp-image-42\" style=\"border-radius:0px;width:76px;height:auto\" title=\"\" srcset=\"http:\/\/tomaszsz.pl\/wp-content\/uploads\/2025\/11\/komp.png 400w, http:\/\/tomaszsz.pl\/wp-content\/uploads\/2025\/11\/komp-300x300.png 300w, http:\/\/tomaszsz.pl\/wp-content\/uploads\/2025\/11\/komp-150x150.png 150w\" sizes=\"auto, (max-width: 400px) 100vw, 400px\" \/><\/figure>\n<\/div>\n\n\n<div style=\"height:16px\" aria-hidden=\"true\" class=\"wp-block-spacer\"><\/div>\n\n\n\n<h3 class=\"wp-block-heading has-text-align-center has-neve-text-color-color has-text-color\">Naprawy Komputer\u00f3w<\/h3>\n\n\n\n<p class=\"has-text-align-center\">Diagnoza, czyszczenie, wymiana podzespo\u0142\u00f3w, modernizacja zestaw\u00f3w \u2014 szybko i w dobrej cenie. <mark style=\"background-color:rgba(0, 0, 0, 0)\" class=\"has-inline-color has-neve-link-hover-color-color\"> <\/mark><\/p>\n\n\n\n<div style=\"height:20px\" aria-hidden=\"true\" class=\"wp-block-spacer\"><\/div>\n<\/div>\n\n\n\n<div class=\"wp-block-column is-vertically-aligned-top is-layout-flow wp-block-column-is-layout-flow\" style=\"padding-right:var(--wp--preset--spacing--30);padding-left:var(--wp--preset--spacing--30)\"><div class=\"wp-block-image icon-style is-style-default\">\n<figure class=\"aligncenter size-full is-resized has-custom-border\"><img loading=\"lazy\" decoding=\"async\" width=\"236\" height=\"236\" src=\"http:\/\/tomaszsz.pl\/wp-content\/uploads\/2025\/11\/lapek.jpg\" alt=\"NAPRAWA LAPTOP\u00d3W\" class=\"wp-image-43\" style=\"border-radius:0px;width:70px;height:auto\" title=\"\" srcset=\"http:\/\/tomaszsz.pl\/wp-content\/uploads\/2025\/11\/lapek.jpg 236w, http:\/\/tomaszsz.pl\/wp-content\/uploads\/2025\/11\/lapek-150x150.jpg 150w\" sizes=\"auto, (max-width: 236px) 100vw, 236px\" \/><\/figure>\n<\/div>\n\n\n<div style=\"height:16px\" aria-hidden=\"true\" class=\"wp-block-spacer\"><\/div>\n\n\n\n<h3 class=\"wp-block-heading has-text-align-center has-neve-text-color-color has-text-color\">Naprawa Laptop\u00f3w<\/h3>\n\n\n\n<p class=\"has-text-align-center\">Matryce, klawiatury, dyski, uk\u0142ady ch\u0142odzenia \u2014 naprawiamy to, co najcz\u0119\u015bciej si\u0119 psuje.<\/p>\n\n\n\n<div style=\"height:20px\" aria-hidden=\"true\" class=\"wp-block-spacer\"><\/div>\n<\/div>\n\n\n\n<div class=\"wp-block-column is-vertically-aligned-top is-layout-flow wp-block-column-is-layout-flow\" style=\"padding-right:var(--wp--preset--spacing--30);padding-left:var(--wp--preset--spacing--30)\"><div class=\"wp-block-image icon-style is-style-default wp-duotone-unset-2\">\n<figure class=\"aligncenter size-full is-resized has-custom-border\"><img loading=\"lazy\" decoding=\"async\" width=\"236\" height=\"236\" src=\"http:\/\/tomaszsz.pl\/wp-content\/uploads\/2025\/11\/Apple.jpg\" alt=\"APPLE\" class=\"wp-image-39\" style=\"border-radius:0px;width:68px;height:auto\" title=\"\" srcset=\"http:\/\/tomaszsz.pl\/wp-content\/uploads\/2025\/11\/Apple.jpg 236w, http:\/\/tomaszsz.pl\/wp-content\/uploads\/2025\/11\/Apple-150x150.jpg 150w\" sizes=\"auto, (max-width: 236px) 100vw, 236px\" \/><\/figure>\n<\/div>\n\n\n<div style=\"height:16px\" aria-hidden=\"true\" class=\"wp-block-spacer\"><\/div>\n\n\n\n<h3 class=\"wp-block-heading has-text-align-center has-neve-text-color-color has-text-color\">Apple, iPad<\/h3>\n\n\n\n<p class=\"has-text-align-center\">Specjalizujemy si\u0119 w serwisie Apple: ekrany, baterie, systemy, diagnostyka, uszkodzenia mechaniczne.<\/p>\n\n\n\n<div style=\"height:20px\" aria-hidden=\"true\" class=\"wp-block-spacer\"><\/div>\n<\/div>\n\n\n\n<div class=\"wp-block-column is-vertically-aligned-top is-layout-flow wp-block-column-is-layout-flow\" style=\"padding-right:var(--wp--preset--spacing--30);padding-left:var(--wp--preset--spacing--30)\"><div class=\"wp-block-image icon-style is-style-default wp-duotone-unset-3\">\n<figure class=\"aligncenter size-full is-resized has-custom-border\"><img loading=\"lazy\" decoding=\"async\" width=\"236\" height=\"236\" src=\"http:\/\/tomaszsz.pl\/wp-content\/uploads\/2025\/11\/tel.jpg\" alt=\"SMARTFON\" class=\"wp-image-46\" style=\"border-radius:0px;object-fit:cover;width:76px;height:auto\" title=\"\" srcset=\"http:\/\/tomaszsz.pl\/wp-content\/uploads\/2025\/11\/tel.jpg 236w, http:\/\/tomaszsz.pl\/wp-content\/uploads\/2025\/11\/tel-150x150.jpg 150w\" sizes=\"auto, (max-width: 236px) 100vw, 236px\" \/><\/figure>\n<\/div>\n\n\n<div style=\"height:16px\" aria-hidden=\"true\" class=\"wp-block-spacer\"><\/div>\n\n\n\n<h3 class=\"wp-block-heading has-text-align-center has-neve-text-color-color has-text-color\">Smarfony<\/h3>\n\n\n\n<p class=\"has-text-align-center\">Wymiana ekran\u00f3w, baterii, diagnostyka, przywracanie systemu \u2014 naprawiamy wi\u0119kszo\u015b\u0107 modeli.<\/p>\n\n\n\n<div style=\"height:20px\" aria-hidden=\"true\" class=\"wp-block-spacer\"><\/div>\n<\/div>\n\n\n\n<div class=\"wp-block-column is-vertically-aligned-top is-layout-flow wp-block-column-is-layout-flow\" style=\"padding-right:var(--wp--preset--spacing--30);padding-left:var(--wp--preset--spacing--30)\"><div class=\"wp-block-image icon-style is-style-default wp-duotone-unset-4\">\n<figure class=\"aligncenter size-full is-resized has-custom-border\"><img loading=\"lazy\" decoding=\"async\" width=\"236\" height=\"236\" src=\"http:\/\/tomaszsz.pl\/wp-content\/uploads\/2025\/11\/Bazy.jpg\" alt=\"ODZYSKIWANIE DANYCH\" class=\"wp-image-41\" style=\"border-radius:0px;object-fit:cover;width:76px;height:auto\" title=\"\" srcset=\"http:\/\/tomaszsz.pl\/wp-content\/uploads\/2025\/11\/Bazy.jpg 236w, http:\/\/tomaszsz.pl\/wp-content\/uploads\/2025\/11\/Bazy-150x150.jpg 150w\" sizes=\"auto, (max-width: 236px) 100vw, 236px\" \/><\/figure>\n<\/div>\n\n\n<div style=\"height:16px\" aria-hidden=\"true\" class=\"wp-block-spacer\"><\/div>\n\n\n\n<h3 class=\"wp-block-heading has-text-align-center has-neve-text-color-color has-text-color\">Odzyskiwanie Danych<\/h3>\n\n\n\n<p class=\"has-text-align-center\">Dyski HDD, SSD, NVMe, pendrive\u2019y \u2014 odzyskujemy pliki po uszkodzeniach logicznych i mechanicznych.<mark style=\"background-color:rgba(0, 0, 0, 0)\" class=\"has-inline-color has-neve-link-hover-color-color\"> <\/mark><\/p>\n\n\n\n<div style=\"height:20px\" aria-hidden=\"true\" class=\"wp-block-spacer\"><\/div>\n<\/div>\n\n\n\n<div class=\"wp-block-column is-vertically-aligned-top is-layout-flow wp-block-column-is-layout-flow\" style=\"padding-right:var(--wp--preset--spacing--30);padding-left:var(--wp--preset--spacing--30)\"><div class=\"wp-block-image icon-style is-style-default wp-duotone-unset-5\">\n<figure class=\"aligncenter size-full is-resized has-custom-border\"><img loading=\"lazy\" decoding=\"async\" width=\"400\" height=\"400\" src=\"http:\/\/tomaszsz.pl\/wp-content\/uploads\/2025\/11\/kam4.png\" alt=\"MONITORING\" class=\"wp-image-87\" style=\"border-radius:0px;object-fit:cover;width:80px;height:auto\" title=\"\" srcset=\"http:\/\/tomaszsz.pl\/wp-content\/uploads\/2025\/11\/kam4.png 400w, http:\/\/tomaszsz.pl\/wp-content\/uploads\/2025\/11\/kam4-300x300.png 300w, http:\/\/tomaszsz.pl\/wp-content\/uploads\/2025\/11\/kam4-150x150.png 150w\" sizes=\"auto, (max-width: 400px) 100vw, 400px\" \/><\/figure>\n<\/div>\n\n\n<div style=\"height:16px\" aria-hidden=\"true\" class=\"wp-block-spacer\"><\/div>\n\n\n\n<h3 class=\"wp-block-heading has-text-align-center has-neve-text-color-color has-text-color\">Monitoring<\/h3>\n\n\n\n<p class=\"has-text-align-center\">Chcesz zadba\u0107 o bezpiecze\u0144stwo swoje i swoich bliskich. Pomo\u017cemy. Zale\u017cy Tobie by uchroni\u0107 si\u0119 przed kradzie\u017c\u0105 mienia i mie\u0107 na oku sw\u00f3j dom, gdy zajdzie taka konieczno\u015b\u0107. <\/p>\n\n\n\n<div style=\"height:20px\" aria-hidden=\"true\" class=\"wp-block-spacer\"><\/div>\n<\/div>\n\n\n\n<div class=\"wp-block-column is-vertically-aligned-top is-layout-flow wp-block-column-is-layout-flow\" style=\"padding-right:var(--wp--preset--spacing--30);padding-left:var(--wp--preset--spacing--30)\"><div class=\"wp-block-image icon-style is-style-default wp-duotone-unset-6\">\n<figure class=\"aligncenter size-full is-resized has-custom-border\"><img loading=\"lazy\" decoding=\"async\" width=\"236\" height=\"236\" src=\"http:\/\/tomaszsz.pl\/wp-content\/uploads\/2025\/11\/www-ikona.jpg\" alt=\"WWW\" class=\"wp-image-47\" style=\"border-radius:0px;object-fit:cover;width:76px;height:auto\" title=\"\" srcset=\"http:\/\/tomaszsz.pl\/wp-content\/uploads\/2025\/11\/www-ikona.jpg 236w, http:\/\/tomaszsz.pl\/wp-content\/uploads\/2025\/11\/www-ikona-150x150.jpg 150w\" sizes=\"auto, (max-width: 236px) 100vw, 236px\" \/><\/figure>\n<\/div>\n\n\n<div style=\"height:16px\" aria-hidden=\"true\" class=\"wp-block-spacer\"><\/div>\n\n\n\n<h3 class=\"wp-block-heading has-text-align-center has-neve-text-color-color has-text-color\">WWW<\/h3>\n\n\n\n<p class=\"has-text-align-center\">Tworzymy nowoczesne strony firmowe i zajmujemy si\u0119 pe\u0142n\u0105 obs\u0142ug\u0105 techniczn\u0105.<\/p>\n\n\n\n<div style=\"height:20px\" aria-hidden=\"true\" class=\"wp-block-spacer\"><\/div>\n<\/div>\n<\/div>\n<\/div><\/div>\n<\/div>\n<\/div><\/div>\n\n\n\n<p><\/p>\n","protected":false},"excerpt":{"rendered":"<p>NASZE US\u0141UGI Naprawy Komputer\u00f3w Diagnoza, czyszczenie, wymiana podzespo\u0142\u00f3w, modernizacja zestaw\u00f3w \u2014 szybko i w dobrej cenie. Naprawa Laptop\u00f3w Matryce, klawiatury, dyski, uk\u0142ady ch\u0142odzenia \u2014 naprawiamy to, co najcz\u0119\u015bciej si\u0119 psuje. Apple, iPad Specjalizujemy si\u0119 w serwisie Apple: ekrany, baterie, systemy, diagnostyka, uszkodzenia mechaniczne. Smarfony Wymiana ekran\u00f3w, baterii, diagnostyka, przywracanie systemu \u2014 naprawiamy wi\u0119kszo\u015b\u0107 modeli. Odzyskiwanie&hellip;&nbsp;<a href=\"http:\/\/tomaszsz.pl\/\" rel=\"bookmark\"><span class=\"screen-reader-text\">Strona g\u0142\u00f3wna<\/span><\/a><\/p>\n","protected":false},"author":1,"featured_media":0,"parent":0,"menu_order":0,"comment_status":"closed","ping_status":"closed","template":"","meta":{"neve_meta_sidebar":"","neve_meta_container":"","neve_meta_enable_content_width":"on","neve_meta_content_width":100,"neve_meta_title_alignment":"","neve_meta_author_avatar":"","neve_post_elements_order":"","neve_meta_disable_header":"","neve_meta_disable_footer":"","neve_meta_disable_title":"on","footnotes":""},"class_list":["post-9","page","type-page","status-publish","hentry"],"_links":{"self":[{"href":"http:\/\/tomaszsz.pl\/index.php?rest_route=\/wp\/v2\/pages\/9","targetHints":{"allow":["GET"]}}],"collection":[{"href":"http:\/\/tomaszsz.pl\/index.php?rest_route=\/wp\/v2\/pages"}],"about":[{"href":"http:\/\/tomaszsz.pl\/index.php?rest_route=\/wp\/v2\/types\/page"}],"author":[{"embeddable":true,"href":"http:\/\/tomaszsz.pl\/index.php?rest_route=\/wp\/v2\/users\/1"}],"replies":[{"embeddable":true,"href":"http:\/\/tomaszsz.pl\/index.php?rest_route=%2Fwp%2Fv2%2Fcomments&post=9"}],"version-history":[{"count":46,"href":"http:\/\/tomaszsz.pl\/index.php?rest_route=\/wp\/v2\/pages\/9\/revisions"}],"predecessor-version":[{"id":126,"href":"http:\/\/tomaszsz.pl\/index.php?rest_route=\/wp\/v2\/pages\/9\/revisions\/126"}],"wp:attachment":[{"href":"http:\/\/tomaszsz.pl\/index.php?rest_route=%2Fwp%2Fv2%2Fmedia&parent=9"}],"curies":[{"name":"wp","href":"https:\/\/api.w.org\/{rel}","templated":true}]}}